late p(a).
-3
Let a(j) = j**3 - 16*j**2 + 31*j - 38. Let i(x) = 3*x**3 - 4*x**2 - 52*x - 1. Let l be i(5). Give a(l).
4
Let p(d) = -d**3 - 2*d**2 + 3*d + 3. Let t be p(-2). Suppose 188*h - 28 = 185*h - 4*x, x - 24 = -5*h. Let a(w) = 2*w + 6*w - 2*w - 8*w + w - h. Calculate a(t).
-1
Let j(w) be the second derivative of w**4/4 + 5*w**3/2 - 4*w**2 - 3*w + 193. Give j(-6).
10
Let j(t) be the third derivative of -t**6/360 + 3*t**4/8 + 233*t**3/6 + 5*t**2. Let w(f) be the first derivative of j(f). Suppose g - 6*g = 0. Calculate w(g).
9
Let f(y) = 4*y - 9. Let p be f(7). Suppose -3*i + p = 4*g - 3, 0 = -4*i - 2*g + 16. Suppose i = -0*q - q. Let s(w) = -w**3 - 3*w**2 + 2. What is s(q)?
-2
Suppose 2*m + k = 7, 3*m - k = 2 + 21. Let d(o) = -o**3 + 5*o**2 + 6*o + 14. What is d(m)?
14
Let f(v) = v**3 + 2*v**2 - v - 3. Let y(q) = -q**2 - 9*q - 6. Let b be y(-7). Suppose -a = -b + 9. Let t be ((-12)/10)/a*(-45)/18. Calculate f(t).
-9
Let i(y) be the second derivative of 3*y**5/10 - y**4/4 - y**3 + 7*y**2 - 102*y. Let x(j) = -j**3 + j**2 + j - 2. Let g(h) = i(h) + 5*x(h). What is g(-3)?
-2
Let s(o) = -13*o**2 - o - 20. Let p(f) be the second derivative of -2*f**4/3 - f**3/6 - 13*f**2/2 + f - 44. Let n(w) = 8*p(w) - 5*s(w). Calculate n(8).
36
Let l be ((-27)/(-6) + 3)*16/(-6). Let d = l - -26. Let o(g) = 7*g - 2. Determine o(d).
40
Let v(g) = 5*g - 207. Let s(a) = -14*a + 569. Let p(z) = -4*s(z) - 11*v(z). Let y(j) = j - 4. Let k be y(0). Let n = k - -10. Calculate p(n).
7
Let m = 967 - 976. Let u(v) = v**2 + 9*v + 28983 - v - 28996. Determine u(m).
-4
Let q(c) = c**3 - 23*c**2 - 19*c - 100. Let o be q(24). Let a = o - 14. Let j(x) = 18*x - 9*x - 2 - 9*x**2 + 2*x**2 - x**3 + 2*x**3. Calculate j(a).
16
Suppose -27 = 2*y + 3*n, 23*n - 26*n + 57 = -5*y. Let w(h) = 2*h**3 + 22*h**2 - 23*h + 5. Determine w(y).
-7
Let j = -14 - -7. Suppose 0*x - 11*x + 418 = 0. Let a(p) = -x*p + 3*p**2 + 10 + p**3 - 46*p + 86*p + 4*p**2. Determine a(j).
-4
Let i(o) = -o**2 + 3*o**2 + 77 - o**2 + 2*o - 70 - 5*o. Suppose 0*v + v = 3. Determine i(v).
7
Let r(w) = 0 + 4 - 3*w + 2*w - 7 + 9. What is r(10)?
-4
Let z(u) be the second derivative of 1 + 5/2*u**2 + u**3 + 1/12*u**4 + 120*u. Calculate z(-7).
12
Suppose -40*n = 371 - 571. Let a(z) be the first derivative of 5*z**2/2 + 4*z - 3. Determine a(n).
29
Let r(s) = 86*s - 349. Let i be r(4). Let z(o) = -3 - 11 + 0*o + 2*o - 5*o. Calculate z(i).
1
Let g(i) = -7*i - 3. Let s(u) = -3*u - 2. Let k(n) = 4*g(n) - 9*s(n). Let r(l) = 8 + 27*l + 24*l - 50*l. Let q be r(-3). What is k(q)?
1
Let v(k) = 2*k**2 - 2*k - 4. Suppose 3*n - 32 = -0*t - 4*t, 2*t + 5*n - 30 = 0. Let x(w) = 4*w - t*w - 2 - 1. Let g be x(-6). What is v(g)?
8
Let s(d) = -d**3 + 5*d**2 + 2*d + 9. Let o be (4/(-10) + 68/20 - -2)*1. Calculate s(o).
19
Let l(f) = 2*f - 14. Let o(j) = 5*j**3 + 3*j**2 + 5*j - 19. Let t(r) = 4*r**3 + 2*r**2 + 4*r - 13. Let y(x) = -5*o(x) + 8*t(x). Let a be y(1). Calculate l(a).
-2
Let z(q) = 4 - 3*q**2 - 9*q**2 - 3 - 2*q + q**2. Let g(p) = 10*p**2 + 2*p - 1. Let l = -20 + 24. Let m(n) = l*z(n) + 3*g(n). What is m(1)?
-15
Let n(s) be the second derivative of -s**3/2 - 17*s**2/2 - 515*s + 1. Determine n(-10).
13
Suppose 26*b = 39*b - 26. Let o(t) = t**2 - 5*t + 3. Let v(k) = -3*k**2 + 16*k - 10. Let i(c) = -7*o(c) - 2*v(c). What is i(b)?
1
Let b be (60/(-180))/((-3)/(-270)). Let k(p) = p**3 + 31*p**2 + 26*p - 113. Give k(b).
7
Let z(h) be the first derivative of -h**3/3 + 5*h**2/2 - 14*h + 171. Give z(5).
-14
Let v(l) be the first derivative of 4*l**2 - 4*l + 223. Calculate v(3).
20
Suppose 21*p - 63 - 168 = 0. Suppose -20 = p*r - 64. Let i(l) = l**2 - l - 4. What is i(r)?
8
Let c(n) = 2*n - 3*n + 20 + 4*n - 4*n. Let a be c(15). Suppose 3*g = -3*r + 3, 0 = -a*g - 4*r - 3 + 12. Let d(t) = 2*t - 9. What is d(g)?
1
Let o(h) be the second derivative of -h**5/30 - h**4/8 + h**3/6 + 43*h**2/2 + 46*h. Let m(a) be the first derivative of o(a). What is m(-3)?
-8
Let a(s) = -6 - 8*s**2 - 174*s + 157*s + 6*s**2. Calculate a(-12).
-90
Let y(q) = 7*q - 17. Let k(l) = -6*l + 15. Let b(o) = 5*k(o) + 4*y(o). Let t(a) = -1. Let r(w) = -b(w) - 2*t(w). Calculate r(0).
-5
Let d = -165 + 991/6. Let k(x) be the third derivative of 0*x + 0 - 14*x**2 - d*x**4 - 1/60*x**5 + 7/6*x**3. Calculate k(-5).
2
Let j(a) = 1032*a + 20636. Let q be j(-20). Let n(f) = 4*f - 4. Let y = -5 + -4. Let g(k) = 2*k - 2. Let h(s) = y*g(s) + 4*n(s). Calculate h(q).
10
Let k(j) = -153*j - 18. Let g be k(-1). Suppose -14*f = -23*f - g. Let z(l) = -l**3 - 16*l**2 - 15*l + 3. Calculate z(f).
3
Let a be (-12)/20 - (-20460)/100. Let o be (-2)/(-12)*a/34. Let w(j) = 24*j**3 - j**2 + 2*j - 1. Determine w(o).
24
Let l be (-7 - -1) + (-36)/(-4). Let c(b) = 23*b**2 - 88*b**2 - 2*b + 35*b**2 + 0*b**l + 35*b**2 - b**3 + 10. Determine c(5).
0
Let v(u) = 166*u - 454. Let t(b) = 15*b - 40. Let q(m) = 68*t(m) - 6*v(m). Calculate q(2).
52
Let n(t) be the second derivative of 1/2*t**3 - 6*t - 1/2*t**2 + 30. Calculate n(6).
17
Let r(g) = -g**3 - 37*g**2 - 73*g - 103. Let l be ((-70)/(-6))/(331/(-993)). What is r(l)?
2
Let d(l) = -806*l + 11 + l**2 + 824*l - 12. What is d(-12)?
-73
Let z(i) be the second derivative of -2*i**2 + 0 - 1/3*i**3 + 4*i. Suppose -3*r = -19 + 31. What is z(r)?
4
Suppose 0 = -0*j + 4*j - 16. Suppose 4*g = 4*d + 24, 3*g - j*d - 3 = 17. Let s(r) = 8*r**3 + r**3 - 2*r + 3*r**3 - 13*r**3 - 4 + 4*r**2. Calculate s(g).
-12
Let a be ((-8)/6 + 3)/(10/12). Let w(y) be the second derivative of -3/4*y**4 - 2*y + 0*y**a + 0 + 0*y**3. Calculate w(-1).
-9
Suppose 3*z + 4*x = 5*x + 5, 5*z - 3*x = 7. Let k(v) = -z*v - 1 + 4*v**2 - 2*v**2 + 0*v**2. Suppose 3*b - 5*d + 6 = 13, 4*b + 19*d + 42 = 0. Calculate k(b).
3
Let d(g) = 9*g**2 + 4*g + 3. Let o be (-8 - -8 - 4) + 2. What is d(o)?
31
Let l(c) = 3*c + 10. Let r = 177 + -455. Let q = r - -269. Determine l(q).
-17
Let j(q) = 8*q + 679. Let z(g) = -9*g - 775. Let m(i) = -8*j(i) - 7*z(i). Suppose -14 = -0*v + 2*v. Give m(v).
0
Let v(m) = -10*m**2 - 2*m + 1. Suppose -4*z + 2*t = -0*t + 98, -2*z = 2*t + 52. Let k = -42 - z. Let f = k + 18. Give v(f).
-11
Let m(c) = 2*c + 107. Let i(w) = -4*w - 306. Let z(h) = 3*i(h) + 8*m(h). Give z(19).
14
Let m(a) = 2*a - 101 - 147 + 370 - 100. Determine m(-7).
8
Let r(z) be the first derivative of z**2/2 - 14*z - 94. Suppose 104 = -6*k + 314. Let y be (k/15)/(1/3). What is r(y)?
-7
Let b(d) be the second derivative of -d**5/60 + 5*d**4/24 - d**3/2 + 7*d**2 + 3*d - 4. Let k(i) be the first derivative of b(i). What is k(4)?
1
Let g(w) = 9*w**2 + 9*w - 9. Let l = -22958 - -22959. Determine g(l).
9
Let v(w) = 12*w - 2. Let q be v(3). Suppose -2*r + q - 46 = 0. Let t(o) = 15*o - 6. Let g(j) = 4*j - 2. Let i(y) = 22*g(y) - 6*t(y). What is i(r)?
4
Suppose -32 = 3*y - 26. Let r(m) = 2 + 22*m + 7*m**2 - 22*m - m**2. Determine r(y).
26
Suppose c - 3*b = 12, 3 = 5*c - 4*b - 2. Let j(n) = 96*n**3 - 14*n**2 - 11*n**2 + 102*n**3 + 4 - 197*n**3 + 5*n + 30*n**2. What is j(c)?
7
Let v(t) = -19*t - 146. Let x(d) = -15*d - 141. Let l(n) = -6*v(n) + 7*x(n). Determine l(18).
51
Let o(j) = -23*j - 146. Suppose 0 = -7*d - 89 + 47. Let w be o(d). Let r(q) = -q**2 - 8*q + 4. Give r(w).
4
Let m be ((-36)/(-3) - -2)/2. Let k(v) = -17*v. Let h(x) be the third derivative of x**4/8 + 78*x**2. Let c(p) = 11*h(p) + 2*k(p). Determine c(m).
-7
Let a(l) = l - 2. Suppose -23 = -o - 3*m, -2*o + 5*o - 81 = 3*m. Let b = o - 12. Suppose 2*v - b + 0 = 0. What is a(v)?
5
Let p(y) = -6*y**2 + 13*y + 4. Let q(c) = -7*c**2 + 15*c + 4. Let w(j) = -6*p(j) + 5*q(j). Let t(h) = h - 8. Let n be t(9). Let d = n - -3. Calculate w(d).
0
Let i(x) = 3*x**3 - 32*x**2 - 67*x - 60. Let u(j) = -j**3 + 11*j**2 + 22*j + 20. Let n(g) = -3*i(g) - 8*u(g). Determine n(11).
-68
Let p(h) = -h**3 + 5*h**2 + 3*h. Let m(v) = 3*v**2 - 7*v + 6. Let j be m(2). Suppose 8*u - 4*u - 5*i - 6 = 0, -16 = -2*u - j*i. Calculate p(u).
28
Let r = 2 + 5. Let p(x) = 2940*x + 46 - 2941*x + 62 - 98. Give p(r).
3
Let p = 321 + -320. Suppose -p + 3 = -y + 4*d, 2*y - 5*d = 5. Let b(x) = x**3 - 11*x**2 + 8*x + 16. Determine b(y).
-4
Let l(t) = 4*t**3 + 13*t**2 - 2*t + 11. Let h(j) = j**3 + j**2 + j + 1. Let f(w) = 5*h(w) - l(w). Let d = 14530 - 14523. Calculate f(d).
-6
Let b = 1077 + -1069. Let d(m) = 2*m**2 